{"id":953,"date":"2021-07-06T14:03:15","date_gmt":"2021-07-06T12:03:15","guid":{"rendered":"https:\/\/shop.diebss.de\/?post_type=product&#038;p=953"},"modified":"2022-05-25T21:09:28","modified_gmt":"2022-05-25T19:09:28","slug":"saccoo-herren-tasche-santos-m","status":"publish","type":"product","link":"https:\/\/diebss.de\/?product=saccoo-herren-tasche-santos-m","title":{"rendered":"Saccoo Herren-Tasche &#8222;Santos M&#8220;"},"content":{"rendered":"<p>Saccoo Herren-Tasche &#8222;Santos M&#8220; mit Rei\u00dfverschluss und \u00dcberschlag.<br \/>\nPflanzlich gegerbtes Rinderleder. Verstellbarer Trageriemen und RV-Tasche au\u00dfen auf der K\u00f6rperseite. Innen mittelgro\u00dfes Steckfach, Handyfach, drei Stiftehalterungen sowie ein Schl\u00fcsselfinder.<br \/>\nDie Taschenversion des Rucksacks &#8222;Sica&#8220;.<\/p>\n<p>Ma\u00dfe: Breite 27,5 cm, H\u00f6he 31 cm, Tiefe 6 cm.<\/p>\n","protected":false},"excerpt":{"rendered":"<p>Saccoo Herren-Tasche &#8222;Santos M&#8220; mit Rei\u00dfverschluss und \u00dcberschlag. Pflanzlich gegerbtes Rinderleder. Verstellbarer Trageriemen und RV-Tasche au\u00dfen auf der K\u00f6rperseite. Innen mittelgro\u00dfes Steckfach, Handyfach, drei Stiftehalterungen sowie ein Schl\u00fcsselfinder. Die Taschenversion des Rucksacks &#8222;Sica&#8220;. Ma\u00dfe: Breite 27,5 cm, H\u00f6he 31 cm, Tiefe 6 cm.<\/p>\n","protected":false},"featured_media":740,"template":"","meta":[],"product_brand":[],"product_cat":[67,66],"product_tag":[94],"class_list":{"0":"post-953","1":"product","2":"type-product","3":"status-publish","4":"has-post-thumbnail","6":"product_cat-saccoo","7":"product_cat-taschen-rucksaecke","8":"product_tag-tasche","10":"first","11":"instock","12":"taxable","13":"shipping-taxable","14":"purchasable","15":"product-type-variable"},"_links":{"self":[{"href":"https:\/\/diebss.de\/index.php?rest_route=\/wp\/v2\/product\/953","targetHints":{"allow":["GET"]}}],"collection":[{"href":"https:\/\/diebss.de\/index.php?rest_route=\/wp\/v2\/product"}],"about":[{"href":"https:\/\/diebss.de\/index.php?rest_route=\/wp\/v2\/types\/product"}],"wp:featuredmedia":[{"embeddable":true,"href":"https:\/\/diebss.de\/index.php?rest_route=\/wp\/v2\/media\/740"}],"wp:attachment":[{"href":"https:\/\/diebss.de\/index.php?rest_route=%2Fwp%2Fv2%2Fmedia&parent=953"}],"wp:term":[{"taxonomy":"product_brand","embeddable":true,"href":"https:\/\/diebss.de\/index.php?rest_route=%2Fwp%2Fv2%2Fproduct_brand&post=953"},{"taxonomy":"product_cat","embeddable":true,"href":"https:\/\/diebss.de\/index.php?rest_route=%2Fwp%2Fv2%2Fproduct_cat&post=953"},{"taxonomy":"product_tag","embeddable":true,"href":"https:\/\/diebss.de\/index.php?rest_route=%2Fwp%2Fv2%2Fproduct_tag&post=953"}],"curies":[{"name":"wp","href":"https:\/\/api.w.org\/{rel}","templated":true}]}}