{"id":785,"date":"2021-07-06T11:35:17","date_gmt":"2021-07-06T09:35:17","guid":{"rendered":"https:\/\/shop.diebss.de\/?post_type=product&#038;p=785"},"modified":"2022-05-25T21:09:18","modified_gmt":"2022-05-25T19:09:18","slug":"brako-schnuerer-sommerabend","status":"publish","type":"product","link":"https:\/\/diebss.de\/?product=brako-schnuerer-sommerabend","title":{"rendered":"Brako Schn\u00fcrer &#8222;Sommerabend&#8220;"},"content":{"rendered":"<p>Brako Schn\u00fcrer &#8222;Sommerabend&#8220;, Linie Bem, chromfrei gegerbtes Oberleder und chromfrei gegerbtes Lederfutter, Wechselfu\u00dfbett. Kleiner eleganter Absatz.<\/p>\n","protected":false},"excerpt":{"rendered":"<p>Brako Schn\u00fcrer &#8222;Sommerabend&#8220;, Linie Bem, chromfrei gegerbtes Oberleder und chromfrei gegerbtes Lederfutter, Wechselfu\u00dfbett. Kleiner eleganter Absatz.<\/p>\n","protected":false},"featured_media":772,"template":"","meta":[],"product_brand":[],"product_cat":[33,65],"product_tag":[],"class_list":{"0":"post-785","1":"product","2":"type-product","3":"status-publish","4":"has-post-thumbnail","6":"product_cat-brako","7":"product_cat-schuhe","9":"first","10":"instock","11":"sale","12":"taxable","13":"shipping-taxable","14":"purchasable","15":"product-type-variable"},"_links":{"self":[{"href":"https:\/\/diebss.de\/index.php?rest_route=\/wp\/v2\/product\/785","targetHints":{"allow":["GET"]}}],"collection":[{"href":"https:\/\/diebss.de\/index.php?rest_route=\/wp\/v2\/product"}],"about":[{"href":"https:\/\/diebss.de\/index.php?rest_route=\/wp\/v2\/types\/product"}],"wp:featuredmedia":[{"embeddable":true,"href":"https:\/\/diebss.de\/index.php?rest_route=\/wp\/v2\/media\/772"}],"wp:attachment":[{"href":"https:\/\/diebss.de\/index.php?rest_route=%2Fwp%2Fv2%2Fmedia&parent=785"}],"wp:term":[{"taxonomy":"product_brand","embeddable":true,"href":"https:\/\/diebss.de\/index.php?rest_route=%2Fwp%2Fv2%2Fproduct_brand&post=785"},{"taxonomy":"product_cat","embeddable":true,"href":"https:\/\/diebss.de\/index.php?rest_route=%2Fwp%2Fv2%2Fproduct_cat&post=785"},{"taxonomy":"product_tag","embeddable":true,"href":"https:\/\/diebss.de\/index.php?rest_route=%2Fwp%2Fv2%2Fproduct_tag&post=785"}],"curies":[{"name":"wp","href":"https:\/\/api.w.org\/{rel}","templated":true}]}}