{"id":1519,"date":"2022-05-03T23:40:43","date_gmt":"2022-05-03T21:40:43","guid":{"rendered":"https:\/\/diebss.de\/?post_type=product&#038;p=1519"},"modified":"2022-05-04T12:54:05","modified_gmt":"2022-05-04T10:54:05","slug":"saccoo-geldbeutel-franc","status":"publish","type":"product","link":"https:\/\/diebss.de\/?product=saccoo-geldbeutel-franc","title":{"rendered":"Saccoo Geldbeutel Franc"},"content":{"rendered":"<p>Saccoo Geldbeutel Franc aus pflanzlich gegerbtem Rindleder. Zum Aufklappen. Hinten zwei F\u00e4cher f\u00fcr Geldscheine, vorne rechts ein M\u00fcnzfach mit Druckknopfschlie\u00dfe. Links vier Steckf\u00e4cher f\u00fcr Karten, dahinter zwei gr\u00f6\u00dfere Steckf\u00e4cher. Diesen Teil kann man aufklappen. Dahinter liegt ein Steckfach mit Netz, zum Beispiel f\u00fcr den Ausweis. Darunter drei weitere Steckf\u00e4cher f\u00fcr Karten und zwei weitere gr\u00f6\u00dfere Steckf\u00e4cher.<\/p>\n<p>Ma\u00dfe: 12,5 x 9,5 cm<\/p>\n","protected":false},"excerpt":{"rendered":"<p>Saccoo Geldbeutel Franc aus pflanzlich gegerbtem Rindleder. Zum Aufklappen. Hinten zwei F\u00e4cher f\u00fcr Geldscheine, vorne rechts ein M\u00fcnzfach mit Druckknopfschlie\u00dfe. Links vier Steckf\u00e4cher f\u00fcr Karten, dahinter zwei gr\u00f6\u00dfere Steckf\u00e4cher. Diesen Teil kann man aufklappen. Dahinter liegt ein Steckfach mit Netz, zum Beispiel f\u00fcr den Ausweis. Darunter drei weitere Steckf\u00e4cher f\u00fcr Karten und zwei weitere gr\u00f6\u00dfere [&hellip;]<\/p>\n","protected":false},"featured_media":1509,"template":"","meta":[],"product_brand":[],"product_cat":[211,216],"product_tag":[],"class_list":{"0":"post-1519","1":"product","2":"type-product","3":"status-publish","4":"has-post-thumbnail","6":"product_cat-geldbeutel","7":"product_cat-verschiedenes","9":"first","10":"instock","11":"taxable","12":"shipping-taxable","13":"purchasable","14":"product-type-variable"},"_links":{"self":[{"href":"https:\/\/diebss.de\/index.php?rest_route=\/wp\/v2\/product\/1519","targetHints":{"allow":["GET"]}}],"collection":[{"href":"https:\/\/diebss.de\/index.php?rest_route=\/wp\/v2\/product"}],"about":[{"href":"https:\/\/diebss.de\/index.php?rest_route=\/wp\/v2\/types\/product"}],"wp:featuredmedia":[{"embeddable":true,"href":"https:\/\/diebss.de\/index.php?rest_route=\/wp\/v2\/media\/1509"}],"wp:attachment":[{"href":"https:\/\/diebss.de\/index.php?rest_route=%2Fwp%2Fv2%2Fmedia&parent=1519"}],"wp:term":[{"taxonomy":"product_brand","embeddable":true,"href":"https:\/\/diebss.de\/index.php?rest_route=%2Fwp%2Fv2%2Fproduct_brand&post=1519"},{"taxonomy":"product_cat","embeddable":true,"href":"https:\/\/diebss.de\/index.php?rest_route=%2Fwp%2Fv2%2Fproduct_cat&post=1519"},{"taxonomy":"product_tag","embeddable":true,"href":"https:\/\/diebss.de\/index.php?rest_route=%2Fwp%2Fv2%2Fproduct_tag&post=1519"}],"curies":[{"name":"wp","href":"https:\/\/api.w.org\/{rel}","templated":true}]}}